te number?
True
Let z be -1 - (-2 + 1) - 78. Let l = -40 - z. Is l a prime number?
False
Let c be ((-74)/(-3))/(1/(-15)). Let a be c/4*(-4)/5. Let r = a + -37. Is r composite?
False
Let x = -2015 + 4688. Is 6/(-21) + x/21 a prime number?
True
Suppose -25*r + 20*r = -3345. Is r a composite number?
True
Suppose -j - 933 = -4*l, 2*l - 445 = 3*j + 24. Is l a prime number?
True
Suppose 3*z - w + 5 = -2*z, 0 = -2*z - 3*w + 15. Suppose 4*s - 9*s + 65 = z. Is s a prime number?
True
Suppose 431 = 3*n + 92. Is n a prime number?
True
Let f(z) = -z**2 - 9*z - 5. Is f(-5) prime?
False
Suppose -141 = -3*j - f - 685, 0 = -2*j + 4*f - 372. Let p = -59 - j. Is p composite?
True
Let r be (-3)/12 - (-10)/8. Is (16 - -5) + r + 1 a prime number?
True
Suppose -2*j = 494 - 42. Let b = -143 - j. Is b a prime number?
True
Let g(j) = 13*j**3 + 2*j**2 - 6*j + 1. Is g(4) prime?
False
Let b = -10 + 5. Let d = 1 + b. Is -2*((-114)/d)/(-3) composite?
False
Let l be (-159)/(-9) + (-2)/(-6). Let v = 5 + l. Is v a composite number?
False
Is (((-855)/10)/9)/((-2)/164) a composite number?
True
Is 1/(-7) + 3452/7 prime?
False
Is 6/(-9) - (-2230)/6 a composite number?
True
Let f = 8 + -5. Let i(t) = -11*t**3 + 6*t**2 + 2*t + 13. Let a(k) = 6*k**3 - 3*k**2 - k - 7. Let d(v) = -5*a(v) - 3*i(v). Is d(f) a composite number?
False
Suppose 20 = -6*s + 7*s - 4*b, 5*s = 4*b + 36. Suppose -s*f + 27 = 7. Suppose f*d - 1 = p + 108, 0 = -4*d + 2*p + 92. Is d prime?
False
Suppose 0 = 5*l - 15, 2*r - 5*l = -0*r - 461. Let b = 185 - 269. Let c = b - r. Is c a prime number?
True
Let t be 1 + 0 - (9 - -497). Let r = -288 - t. Is r a composite number?
True
Let w = 12 + 157. Is w a prime number?
False
Let h(n) = n**2 + 0*n**2 + 9*n**3 - 2*n**3. Let w be h(1). Let b = w - -11. Is b prime?
True
Is (7/(-4))/(14/(-1624)) a composite number?
True
Let r = -1040 + 667. Is r/((2 - 0)/(-2)) composite?
False
Is 804/2 + 0 + 5 prime?
False
Suppose 0 = -x - 4*x + 655. Is x prime?
True
Suppose -15*j + 1412 + 1363 = 0. Is j a composite number?
True
Suppose -4421 + 1256 = 3*y. Let u = y - -1686. Is u a composite number?
False
Let y(t) = -t + 265. Is y(0) a composite number?
True
Let v(x) = 5*x**3 + 2*x + 1. Let g be v(-1). Is 28*16 + g + 7 a prime number?
True
Is (-256)/(-1) - (-5 - (0 + -2)) composite?
True
Suppose 80 = -3*i - 37. Let a = -327 - i. Let t = -97 - a. Is t a composite number?
False
Let q be 82/(-6) + 2/(-6). Suppose -z + 0*z = -36. Let n = q + z. Is n prime?
False
Suppose -5*d - 16 = 4. Let o = d - -9. Suppose 96 = o*y - 59. Is y a composite number?
False
Suppose 0 = 3*f - 8*f - 35. Let l(w) = w**2 + 8*w + 6. Let b be l(f). Is (0 - -7)*(b - -2) a composite number?
False
Suppose 5*w - 20*w = -345. Is w prime?
True
Is -4 - (-165 + 0/1) a prime number?
False
Is 314*(-2)/(-12)*39 a prime number?
False
Let p be (-11 + 3)*(-1)/2. Suppose -5*s + p*b = -57, b + 50 = 4*s - 0*b. Is s prime?
True
Let i be 6 - (2 - (-2 + 2)). Is (i/(-2))/(2/(-211)) a prime number?
True
Let j(m) = -12*m**3 + m**2 + 2*m + 4. Let b be j(-3). Let w = b + -205. Let l = w + -11. Is l a prime number?
False
Let a(d) = -2*d - 1. Is a(-8) prime?
False
Let w(u) = 4*u**3 + u**2 + 5*u - 3. Let z(o) = 5*o**3 + 6*o - 3. Let k(p) = -6*w(p) + 5*z(p). Let c be k(6). Suppose -6*r + c*r = -57. Is r composite?
False
Let v(d) = 46*d - 7. Suppose -7*p = -3*p + 3*s + 48, -3*p - 39 = 3*s. Let c be v(p). Let g = -263 - c. Is g a prime number?
False
Suppose 0 = -2*y + 442 + 1082. Is 4/8 + y/4 prime?
True
Let l(u) = 2*u**2 + 6*u + 7. Let t(s) = -s**2. Let f(i) = l(i) + 3*t(i). Let v be f(7). Suppose 2*y + 9 = -r + 86, 3*y - 3*r - 102 = v. Is y composite?
False
Suppose 0 = 4*n - 8, 2*n + 3 + 1 = 4*k. Suppose k*q + 3*g - g = 144, -3*q + g = -212. Is q a prime number?
True
Suppose -6*i - 1128 = -4140. Is i a composite number?
True
Suppose -1081 = -3*v + 428. Is v a composite number?
False
Suppose -4*d + 3*a - 60 = 0, 68 = -5*d - 4*a - 7. Let m = d + -21. Let v = m - -125. Is v composite?
False
Let i(b) = b**3 - 2*b**2 - 2*b - 2. Suppose z + 2 = 6. Is i(z) prime?
False
Let z = 4 + -7. Let y = 9 + z. Is 130/6 + 2/y composite?
True
Let u(r) = -118*r - 1. Is u(-3) composite?
False
Is (-158 + (-4 - -4))/(-2) a composite number?
False
Let d = 79 + -33. Is d prime?
False
Let w(y) = y + 37. Suppose 2*x + n - 1 = 13, 4*n + 25 = x. Let j be (-2)/(-3) + (-6)/x. Is w(j) composite?
False
Let x be -1*(4 + 25) - -1. Is ((-2)/3)/(x/14154) a prime number?
True
Suppose 3*q - 5*k - 791 = 0, 480 = -5*q - 3*k + 1787. Suppose m = -5*n - 452, -4*n + q = -7*n + 4*m. Let a = n - -295. Is a prime?
False
Let b be (1581/(-6))/((-2)/4). Let w = -232 + b. Is w composite?
True
Suppose -4*k = -3*j - 800, -3*j + 613 = 3*k - 2*j. Is k prime?
False
Let n = 46 + -26. Suppose x - 1171 = 401. Is x/n + (-4)/(-10) composite?
False
Suppose 0 = -6*c + 1036 + 3278. Is c a composite number?
False
Suppose -6 = -6*f + 1206. Is f a prime number?
False
Let z(p) = -p - 4. Let s be z(-6). Is (-212)/(-14) - s/14 composite?
True
Let w be (2/6)/((-2)/18). Is (6/w)/((-4)/66) composite?
True
Suppose -2*i - 9 = m - 6*i, -i - 1 = 3*m. Let t be 0 + -3 - 2 - m. Let s(o) = -5*o + 5. Is s(t) prime?
False
Let o(k) = 53*k**2 - 9*k - 7. Is o(-8) prime?
True
Let r(z) = z**3 + 5*z**2 + 2*z + 6. Let c be r(-5). Let m(a) = a**2 + 2*a - 5. Let v be m(c). Suppose -v*b + 44 = b. Is b prime?
True
Let l = -12 - -24. Suppose -4*g - l = -80. Suppose -4*p + 245 = g. Is p a composite number?
True
Suppose -3*w - 204 = -d + w, 0 = 4*d + w - 799. Is d + (4/2 - -1) prime?
False
Let j(m) = m**3 + 9*m**2 - 11*m - 7. Let q be j(-10). Suppose 3*g = 4*c - 23, 0 = 2*c + 3*c + q*g + 5. Is 0/(-2) - (-89 - c) prime?
False
Suppose 4*w + 6 - 18 = 0. Suppose 3*x - w*z + 129 = 0, 2*x - 2*z + 71 = 3*z. Let r = x - -85. Is r a prime number?
True
Let m(z) = -4*z**3 - 3*z**2 + 2*z + 3. Is m(-8) a prime number?
False
Let t be (1 - -2) + 1 + -1. Suppose -4*x + 83 = 5*n, t*x + 5 + 4 = n. Suppose g + 0 = n. Is g prime?
False
Let d be (-2)/(-8) - (-4753)/28. Let k = -111 + d. Is k a prime number?
True
Suppose 2*q - 73 = -647. Suppose 0 = 4*c + 2*b + 646, 4*b - 656 + 28 = 4*c. Let t = c - q. Is t prime?
True
Suppose -434 + 1472 = 2*n. Is n prime?
False
Is 4/(-14) - 95/35 - -484 prime?
False
Let r = -25 + 28. Suppose -3*n = r*i - 933, -3*i + 2*i - 2*n + 315 = 0. Is i prime?
True
Let o = -2 - -5. Suppose 6*k - o = 3*k. Suppose 88 = p - k. Is p prime?
True
Suppose -5*l - 13 - 60 = -i, -i + 33 = 5*l. Is i prime?
True
Is 2/(-4) - (-28746)/12 prime?
False
Suppose -3*z = -8*z - 4*w + 14027, -3*z - 3*w + 8415 = 0. Is z prime?
False
Let t(r) = r**2 - 2. Let b be t(-3). Let o(c) = c**3 - 5*c**2 - 5*c - 10. Is o(b) prime?
True
Suppose -3*m = -15, -3*o + 6*o = 4*m + 511. Is o a composite number?
True
Let r = -81 + 57. Let j = 60 + r. Let x = j - -49. Is x composite?
True
Let i(z) = z**3 - 6*z**2 + 4*z - 1. Is i(6) composite?
False
Let o(a) = 8*a**2 + 5*a + 8. Is o(-11) a composite number?
True
Suppose p + 0*z - 53 = 4*z, 0 = 5*p - 5*z - 205. Is p a prime number?
True
Suppose -3*x + 0*x + 4*n = -22, -2*x = -3*n - 15. Let a = x - 2. Suppose -2*q - g = -88, -q + 49 = a*g - g. Is q a prime number?
True
Let a(w) be the second derivative of w**5/20 + 2*w**4/3 + 7*w**3/6 + w**2/2 + 4*w. Is a(-6) a composite number?
False
Let f(b) = -3*b**2 - 3*b + 6. Let n be f(6). Let o be (492/30)/(1/(-5)). Let z = o - n. Is z composite?
True
Let y be ((-10)/(-4))/((-2)/(-4)). Suppose 0*z + y*z = 395. Is z a composite number?
False
Let d = -11 - -13. Let r(k) = 10*k**2 - 2. Is r(d) a prime number?
False
Let y = -324 - -473. Let r = y - 16. Is r composite?
True
Suppose -4*x + 3513 = 3*y, 0 = 5*y - 2*x + 5*x - 5855. Is y a prime number?
True
Is ((-262)/4)/((-14)/196) prime?
False
Let a(h) = h**3 + 4*h**2 - h + 1. Let t be a(-4). Suppose 2*s - s = t. Suppose 0 = s*j + 4 - 279. Is j a prime number?
False
Let l(v) = -v**3 + 12*v**2 + 26. Is l(9) a composite number?
False
Let k(z) be the second derivative of 15*z**3/2 - z**2/2 + 6*z. Is k(2) prime?
True
Let u(x) = -x**3 + x + 103. Is u(0) prime?
True
Suppose 3*a - 52 - 17 = 0. Is a a composite number?
False
Let o(p) = 2*p**2 + 2*p + 1. Let r be o(-2). Let c(b) = -b - r + 9*b**2 + 2 + 2. Is c(-3) prime?
True
Let v = 9214 - 6041. Is v composite?
T